f 164211944 and 312.
104
Calculate the highest common factor of 52151 and 122089.
121
Calculate the greatest common factor of 8193449 and 748.
11
Calculate the highest common factor of 540994 and 5312.
166
What is the highest common divisor of 41882178 and 3720?
186
Calculate the greatest common factor of 768 and 10512.
48
What is the highest common factor of 562620490 and 2190?
730
Calculate the highest common factor of 196850 and 10693400.
6350
Calculate the highest common divisor of 16 and 82981824.
16
Calculate the highest common factor of 726 and 25254570.
66
What is the greatest common factor of 32 and 157943412?
4
Calculate the highest common divisor of 693505 and 48689285.
13085
What is the highest common factor of 5685 and 733125093?
1137
What is the greatest common divisor of 43725 and 1961?
53
Calculate the greatest common factor of 230945 and 26741.
2431
Calculate the greatest common factor of 4193373 and 51.
51
What is the highest common divisor of 20859 and 89866707?
1227
What is the highest common divisor of 640656077 and 134?
67
Calculate the highest common factor of 855128 and 2363.
139
Calculate the highest common factor of 64190 and 1621130.
70
Calculate the highest common factor of 49575 and 120480.
15
What is the highest common divisor of 70176 and 31552?
544
What is the greatest common divisor of 139462668 and 12?
12
What is the highest common divisor of 365 and 4270135?
365
Calculate the greatest common divisor of 63 and 66650076.
9
Calculate the highest common divisor of 4799114 and 10.
2
What is the greatest common divisor of 900 and 1745850?
150
Calculate the greatest common divisor of 1083806 and 7544.
46
What is the highest common factor of 3735193 and 45287?
1969
Calculate the greatest common factor of 48 and 9132656.
16
What is the highest common divisor of 618409 and 190553?
187
What is the highest common factor of 420 and 2964679620?
420
Calculate the highest common divisor of 12682 and 2365566.
746
What is the highest common divisor of 11577896 and 48?
8
What is the greatest common divisor of 7930 and 1127165?
65
What is the highest common factor of 101 and 22826101?
101
What is the highest common factor of 210552 and 28?
4
What is the highest common factor of 30270 and 7730?
10
Calculate the highest common factor of 853 and 653.
1
Calculate the highest common divisor of 390960 and 543.
543
Calculate the highest common divisor of 26780 and 5161948.
412
What is the greatest common divisor of 175 and 102133675?
175
Calculate the greatest common divisor of 4583738 and 2747.
67
What is the highest common divisor of 40920912 and 12?
12
What is the greatest common divisor of 80465946 and 132?
66
Calculate the greatest common factor of 4047275 and 1246.
89
Calculate the highest common factor of 22617 and 451017.
63
Calculate the greatest common divisor of 530531926 and 158.
158
What is the highest common factor of 55736277 and 9843?
579
What is the greatest common factor of 120 and 364824?
24
What is the greatest common factor of 413 and 355616777?
59
Calculate the highest common factor of 1969 and 54153.
11
Calculate the highest common factor of 9960 and 329880.
120
Calculate the highest common factor of 9916 and 32785378.
134
Calculate the highest common factor of 6987 and 3266628.
411
What is the highest common factor of 398307 and 48139?
91
Calculate the greatest common factor of 25212 and 183084.
132
Calculate the greatest common factor of 8381 and 1183744.
289
Calculate the highest common divisor of 39039 and 2871.
33
What is the greatest common divisor of 6313919 and 1955?
17
What is the highest common factor of 2012977 and 665840?
1189
What is the highest common factor of 736 and 455080?
8
What is the highest common divisor of 109740 and 4761300?
3540
Calculate the highest common factor of 118126880 and 49320.
5480
What is the greatest common factor of 1986 and 541176?
6
Calculate the greatest common divisor of 4631526 and 398.
398
Calculate the greatest common divisor of 5766342 and 1494.
498
What is the greatest common factor of 366388 and 81796?
484
Calculate the greatest common divisor of 237659 and 76268.
23
What is the greatest common divisor of 75 and 68335615?
5
What is the greatest common factor of 3486547 and 723?
241
What is the greatest common divisor of 318 and 517380?
6
Calculate the highest common divisor of 1212 and 1380156.
12
Calculate the greatest common factor of 6442617 and 41.
41
What is the greatest common factor of 53920 and 10176389?
337
Calculate the highest common factor of 48383 and 1091.
1
Calculate the highest common factor of 131 and 936533410.
131
Calculate the highest common factor of 386382 and 786.
6
Calculate the highest common factor of 134802 and 114714.
18
What is the highest common factor of 1345776 and 82662?
138
What is the highest common factor of 3494664 and 4536?
648
What is the greatest common factor of 242 and 6592322?
242
Calculate the highest common divisor of 23478 and 169098618.
3354
Calculate the greatest common factor of 2937 and 141751368.
2937
What is the highest common divisor of 15255730 and 70?
70
Calculate the greatest common factor of 1000 and 6225040.
40
What is the highest common factor of 81485 and 721325?
215
Calculate the greatest common factor of 18 and 3629214.
18
Calculate the greatest common divisor of 86907 and 67758.
1473
Calculate the greatest common divisor of 2763 and 411829755.
921
What is the greatest common divisor of 1296 and 30243888?
432
What is the greatest common divisor of 733725 and 51475?
25
What is the highest common factor of 19477119 and 15?
3
Calculate the greatest common divisor of 81438171 and 25595.
5119
What is the greatest common factor of 61889865 and 15?
15
Calculate the greatest common factor of 75771248 and 584962.
12446
Calculate the greatest common divisor of 574056 and 153.
153
What is the greatest common factor of 31977 and 1115319?
969
Calculate the greatest common factor of 720 and 4468160.
80
Calculate the highest common divisor of 2455 and 62365.
5
Calculate the greatest common divisor of 27869933 and 91.
91
Calculate the greatest common divisor of 9628515 and 3705.
195
What is the greatest common divisor of 82 and 23449253?
41
Calculate the highest common factor of 51909769 and 5873.
839
What is the highest common factor of 17787979 and 77?
11
What is the highest common factor of 826 and 3524948?
14
Calculate the highest common factor of 747 and 1168626969.
747
What is the highest common factor of 144671108 and 1168?
292
What is the greatest common factor of 448 and 7175952?
112
What is the greatest common factor of 15571 and 9431287?
677
What is the greatest common divisor of 8792 and 6425696?
1256
What is the highest common divisor of 18 and 189459882?
18
What is the greatest common factor of 924 and 253611666?
462
What is the greatest common factor of 99095 and 130?
5
What is the highest common divisor of 7835295 and 500825?
1495
Calculate the highest common factor of 427697 and 1139174.
2027
Calculate the highest common divisor of 4037901 and 1593.
177
Calculate the greatest common factor of 5796 and 60082596.
252
Calculate the greatest common factor of 1100 and 99396.
44
Calculate the greatest common factor of 227046 and 712752.
2874
What is the greatest common factor of 586444869 and 107833?
9803
Calculate the greatest common divisor of 129862 and 9164.
58
What is the greatest common factor of 35055950 and 475?
475
What is the greatest common factor of 5192 and 16217212?
2596
Calculate the highest common factor of 2354660 and 49280.
1540
What is the highest common factor of 1245 and 2924007?
249
Calculate the greatest common factor of 2019 and 10827224.
673
What is the greatest common factor of 273747179 and 1857?
619
What is the greatest common divisor of 3175424 and 392192?
1024
What is the highest common divisor of 970026 and 17889?
201
What is the highest common divisor of 4949 and 53214?
49
What is the greatest common divisor of 2842 and 7199146934?
2842
Calculate the greatest common factor of 24683967 and 14.
7
Calculate the greatest common factor of 103530 and 7409535.
1785
Calculate the highest common divisor of 1330169736 and 12.
12
Calculate the greatest common divisor of 23304 and 70